*c - 1 = w*i - 3. What is the tens digit of t(c)?
1
Let f = -4 - -15. Suppose 0 = -4*q + 5*u - 13, 0*u = 2*q + u - f. Suppose 0*w - 3*w + q = 0. What is the units digit of w?
1
Let z(d) be the first derivative of 7*d**2/2 - d - 1. What is the units digit of z(1)?
6
Suppose 2*o + 40 = 3*k - 2*o, -5*k + 60 = -5*o. Suppose j = 3*j. Suppose d + 0 - k = j. What is the units digit of d?
8
Let l = 153 - 144. What is the units digit of l?
9
Let z be -5 - 1 - (2 + -4). Let d be (-2)/(3 + z) + -20. What is the tens digit of (-14)/(-7) + d/(-2)?
1
Let d = 89 + -47. What is the tens digit of d?
4
Let n be ((-58)/(-6))/((-7)/(-21)). Suppose 0 = h - n + 6. Suppose -5*b + 7 + h = 0. What is the units digit of b?
6
Let l be (-2)/3 + 76/6. Let h = 1 + l. What is the tens digit of h?
1
Let h(q) = 2*q**2 - 2*q - 3. What is the tens digit of h(-3)?
2
Suppose 5*s + 15 = 5*r, -3*r + 5*s - 6 = -5*r. Suppose 16 = -3*q + 4*j, -2*j = -r*q - 3*j + 4. Suppose 0 = w - q*w - 13. What is the tens digit of w?
1
Let p = 35 + -2. Let o = p + -15. What is the tens digit of o?
1
Let j(g) = g**3 + 2*g**2 - g. Let i be j(1). Suppose 0 = -2*q - i*q. Suppose q = -2*b + 4*n - 3*n + 16, -19 = -b - 5*n. What is the units digit of b?
9
Let g(i) = -3*i + 10. Let q(o) = o. Let a be 0 - 1 - -1 - -1. Let z(s) = a*g(s) + 2*q(s). What is the units digit of z(6)?
4
Let y = -106 + 254. What is the hundreds digit of y?
1
Let n(q) = q**3 - 8*q**2 - 8*q - 6. Let v be n(9). Let p be (-2)/(-3)*v*-1. What is the units digit of (14/(-5))/(p/5)?
7
Let y(t) be the second derivative of 2*t**2 + 1/12*t**4 + 2*t - 1/20*t**5 + 0 - 1/6*t**3. What is the units digit of y(0)?
4
Suppose -b = 2*b - 9. Let f be (-2)/((3 + -6)/b). Let x = 4 - f. What is the units digit of x?
2
Suppose 6*y = 3*y + 6. Let v = 5 - y. Suppose 5*n - 32 = -g, n - g = v*g + 19. What is the units digit of n?
7
Let l(x) = 11 - 2*x + 2*x + x. What is the units digit of l(12)?
3
Suppose 0 = -z + 4*o - 5 + 13, 0 = -2*z + 4*o + 8. Suppose 13 = r - z*r. What is the tens digit of r?
1
Let y(w) = -3*w + 1. What is the tens digit of y(-5)?
1
Let s(w) be the first derivative of -w**3/3 + 4*w**2 - 5*w - 2. Let f be s(7). Suppose 2*j - 19 = 5*r, 5*j + r = 5 + f. What is the units digit of j?
2
Suppose 3*i - 3*p - 104 = -i, -2*i = -p - 50. What is the units digit of i?
3
Let a = 0 + 2. Suppose -t - a*t = -33. What is the tens digit of t?
1
Suppose 4*g + 28 = -4*x, x - 23 = 3*g - 10. Let h(i) = -i**2 - 6*i + 4. Let k be h(g). Suppose k = -3*c + 3*f, c + 3*f - 7 = 2*f. What is the units digit of c?
2
What is the units digit of (-5)/2*888/(-60)?
7
Let j(w) = -w**2 - 3*w - 1. Let t = 1 - 3. What is the units digit of j(t)?
1
Suppose -c + 90 = c. What is the units digit of c?
5
Suppose d = 3*v - 7*v + 213, 3*d = v - 37. What is the units digit of v?
2
Let f = -9 + 1. Let g = f - -11. What is the units digit of 5/g - (-4)/12?
2
Suppose c + 3*c - 292 = -2*x, -x + 71 = c. What is the tens digit of c?
7
Let y(v) = -v - v**2 - 2*v - 9 + 0 - 2*v. Let h be y(-6). What is the tens digit of 5*((-108)/h)/2?
1
What is the units digit of (-1947)/(-11) - (1 + 1)?
5
Let j = -7 + 4. Let x be 1*((-4)/(-2) + -9). Let s = j - x. What is the units digit of s?
4
Suppose 0 = -4*z - 2 + 30. Suppose z = q - 3. What is the tens digit of q?
1
Let x = -1 + 4. Let k(n) = n + 4. What is the units digit of k(x)?
7
Let k(y) = 4*y**2 + y + 1. Let r be k(-1). Let i(o) = -3 - r - 2*o - 4. What is the units digit of i(-9)?
7
Let a = -5 + 8. Suppose -a*l = -4*v - 61, 4*v - 20 = -0*v. Let f = l - 17. What is the tens digit of f?
1
Suppose 6*h - 16 = 2*h. Suppose -2*p + h + 22 = c, -68 = -3*c - p. What is the units digit of c?
2
Suppose -3*d = -84 + 12. What is the units digit of d?
4
Let x(g) = g**3 - 5*g**2 - 6*g + 2. Let i be x(6). Suppose -i*s = -5*z + 35, 2*z + 10 = -0*s - 4*s. Suppose -2*y + z*y = 6. What is the units digit of y?
2
Let y(w) = -2*w + 7 + w + 0*w. Let z = 3 - -1. What is the units digit of y(z)?
3
Let i = 11 - 5. Let x(p) = -p**3 + 6*p**2 + 4. Let t be x(i). What is the units digit of (-244)/(-36) + t/18?
7
Let t(v) = v + 3. Let i be t(-5). Let n = i - -5. What is the units digit of n?
3
Let b = 0 + -1. Let x(d) = -d**3 - d**2 + d + 3. Let y be x(0). What is the units digit of (1 + -4)*b/y?
1
Let g be (44/(-8))/((-1)/2). Let y = 11 + -4. Let h = g - y. What is the units digit of h?
4
Suppose 5*n + 4*a = -0*a + 9, 5*a = 5*n - 45. Let b(m) = m. Let o be b(0). Suppose o = -n*r + 2*r + 24. What is the units digit of r?
8
Suppose 8*i - 201 = 5*i. What is the units digit of i?
7
Suppose -2*h = 5*d - 296, -3*d + 0*h = -2*h - 168. What is the units digit of d?
8
Let g = 15 - -3. What is the units digit of g?
8
What is the hundreds digit of ((-3)/(-6)*-1)/((-3)/1002)?
1
Let n = -18 + -6. Let i = n - -34. What is the units digit of 2/i*-3*-5?
3
Suppose 0 = -0*m - 2*m - 6. Let z be -1*m*2/(-6). What is the units digit of (z + -7)*30/(-24)?
0
Suppose -3*n = 2*v - 4*n + 15, -5*v = 2*n + 24. Let l = v - -4. What is the units digit of l/4 - 172/(-8)?
1
Let i = 10 - 6. Let n = -22 - -39. Suppose -i*t + n + 27 = 0. What is the tens digit of t?
1
Suppose 3*q + 0*q - 15 = -3*s, 2*s - 5*q - 31 = 0. Suppose -s*n = -3*n - 55. What is the tens digit of n?
1
Suppose -x = -2*x + 22. What is the tens digit of x?
2
Let z(h) = -h**3 + 4*h**2 + 6*h - 5. What is the tens digit of z(3)?
2
Let v = 1 + 4. Let s = -5 + 3. Let w = v + s. What is the units digit of w?
3
Suppose -2*a = -6*a + 56. Suppose 4*y + 2*d = -d + a, 0 = 4*y - d - 6. What is the units digit of y?
2
Suppose 3*y + 4*n - 321 = 246, 910 = 5*y - 5*n. What is the tens digit of y?
8
Let b = 3 - 0. Let s(g) = -3*g - 8. Let z be s(-6). What is the units digit of z/b*(-15)/(-10)?
5
Let u(k) = -k + 10. Let t be u(7). Suppose -b - 2 = -2*q, 3 = t*q + 2*b + 3*b. What is the units digit of q?
1
Let f(w) = 0*w**2 + 4 - 1 + w**2. Let t be f(5). Suppose -4*y = 5*i - 33 - 11, 0 = 2*y + 4*i - t. What is the units digit of y?
6
Let p = 31 + -14. What is the tens digit of p?
1
Let g(s) be the third derivative of s**2 + 1/60*s**5 + 0 + 2/3*s**3 + 0*s + 5/24*s**4. What is the units digit of g(-5)?
4
Let h(t) = t**2 - 3*t - 3. Let a be h(6). Suppose a = -4*p + 55. What is the tens digit of p?
1
Suppose 10 = 3*z + 112. Let h = z + 60. What is the tens digit of h?
2
What is the units digit of 1/(3*(-4)/(-72))?
6
Suppose -4*n + 24 = -4*f, -4*n - 2*f + 7*f = -24. Suppose 4*q + 3*o = 330, 2*q = 4*q - 3*o - 174. Suppose 2*l + q = n*l. What is the tens digit of l?
2
Suppose -4*g - 6 = 2*d, 0 = g - 4*d + 8 + 16. What is the tens digit of 233/5 + g/(-10)?
4
Let w be 2*(1 + 7 - 0). Let y = 27 + -24. Suppose -w = -y*g + g. What is the units digit of g?
8
Let i(j) = -61*j + 1. Let d be i(1). Let p = d - -92. What is the units digit of p?
2
Let m(q) = -q**3 - 8*q**2 - 8*q + 8. Let y be m(-8). Suppose -4*l + y = 5*n + 3, -66 = -3*l + n. What is the units digit of l?
1
Let v(o) = o + 8. What is the units digit of v(-7)?
1
Suppose -t = 4*f - 178, -2*t - 97 = -5*f + 132. What is the tens digit of f?
4
Suppose -18 = -7*w + w. What is the units digit of w?
3
Let k be (-4 + 0)*(-3)/2. Let o = k + -3. Suppose 0*g + 27 = o*g. What is the units digit of g?
9
Let k = -13 + 10. Let h(f) = -5*f + 6. What is the tens digit of h(k)?
2
Let b be ((-6)/4)/((-2)/(-4)). Let w = 5 - 11. Let d = b - w. What is the units digit of d?
3
Let l(a) = a**3 - 5*a**2 + 3*a + 4. Let y be l(4). Suppose 2*p + m = -y*m + 5, 4 = -5*p + 3*m. What is the units digit of p?
1
Let x(m) = -m**2 - 6*m - 1. Let p be x(-5). Suppose -2*r + r = -5*f + 3, r = p*f - 2. What is the units digit of f?
1
What is the tens digit of 21*(3 - (-4 + 6))?
2
Suppose 4*z - 5*y - 350 = 0, 4*z - 2*z = -y + 182. What is the tens digit of z?
9
Let b(y) = -6*y - 19 + 6*y + 2*y. What is the units digit of b(13)?
7
Let g = 321 - 131. What is the tens digit of g?
9
Suppose 4*y - 93 + 13 = 0. Suppose -5*p - 3*s + 7 + 23 = 0, -5*p + y = s. What is the units digit of p?
3
What is the units digit of 1984/31 + 0 + 1?
5
What is the hundreds digit of -2 - (10*-13 - -1)?
1
What is the units digit of (-326)/(-8) - (-12)/(-16)?
0
Let o(l) = 7*l**2 + 2*l - 1. Let t be o(2). Suppose 0 = -3*a - 5*k + t, a + k = 4 + 3. What is the tens digit of 3/a